ne i(-5).
57
Let s(a) = -20*a + 1106. What is s(53)?
46
Let z(f) = 38*f**2 - 186*f - 32. Give z(5).
-12
Let r(u) = 14*u**2 - u - 6. Give r(-4).
222
Let s(z) = z - 341. Determine s(0).
-341
Let h(a) = 2664*a + 71936. Determine h(-27).
8
Let j(w) = -13*w**3 - w**2 + 13*w + 65. Determine j(-3).
368
Let w(k) = -176*k**3 - k**2 - 4*k + 6. Determine w(1).
-175
Let x(c) = -5*c**2 - 2*c + 126. Calculate x(9).
-297
Let a(n) = -7*n - 122. What is a(-18)?
4
Let o(f) = 2305*f + 6924. What is o(-3)?
9
Let z(j) = -1249*j - 34971. Determine z(-28).
1
Let p(m) = -m**2 + 40*m + 564. Calculate p(-12).
-60
Let n(d) = -88*d + 2516. Determine n(28).
52
Let m(f) = -248*f + 2467. Determine m(10).
-13
Let h(t) = -125*t - 1040. What is h(-10)?
210
Let h(k) = 577*k + 5183. Give h(-9).
-10
Let i(o) = -30*o**3 + 2*o**2 - 14*o + 13. Determine i(1).
-29
Let z(m) = 3*m**3 - 4*m**2 + 2*m + 4. Give z(3).
55
Let c(y) = 2*y**2 + 137*y + 1262. Calculate c(-57).
-49
Let n(z) = z + 69. Calculate n(-64).
5
Let x(g) = -g + 4. What is x(23)?
-19
Let r(j) = -64*j - 678. Calculate r(-11).
26
Let w(f) = -f**3 - 5*f**2 + 2*f - 5. Calculate w(0).
-5
Let t(p) = -74*p - 495. Give t(-8).
97
Let x(p) = 31*p + 156. What is x(-6)?
-30
Let m(t) = 2*t - 21. What is m(2)?
-17
Let r(y) = -y**2 - 306*y - 3524. What is r(-12)?
4
Let j(d) = -d**3 - 36*d**2 + 32*d - 196. Determine j(-37).
-11
Let i(m) = m**3 - 12*m**2 + 22*m + 16. Give i(-5).
-519
Let u(k) = -4*k**2 - 79*k + 24. Give u(-20).
4
Let c(d) = -26*d - 365. Determine c(-14).
-1
Let d(f) = f**3 - 24*f**2 - 51*f + 673. What is d(25)?
23
Let w(u) = -21*u - 105. Give w(-8).
63
Let a(u) = -385*u - 2323. What is a(-6)?
-13
Let f(m) = -2*m**3 - 15*m**2 + 28*m - 21. Determine f(-9).
-30
Let d(n) = 43*n + 215. What is d(-6)?
-43
Let t(k) = -23*k + 354. Determine t(14).
32
Let i(d) = 42*d - 1940. Give i(46).
-8
Let l(d) = -2*d + 20. Give l(39).
-58
Let w(y) = 2*y**3 - 3*y**2 - 3*y - 20. Determine w(-3).
-92
Let o(j) = -3*j**2 - 1033*j - 5432. Determine o(-339).
-8
Let r(k) = -28*k**2 + 180*k + 124. Give r(7).
12
Let a(t) = 4462*t + 31243. What is a(-7)?
9
Let z(a) = 3*a**3 + 25*a**2 - 9*a - 172. Calculate z(-8).
-36
Let j(x) = x**3 - 90*x**2 - 476*x + 114. What is j(95)?
19
Let k(w) = 10*w**2 - 36*w - 18. Give k(4).
-2
Let d(m) = 155*m**2 - 8*m - 6. What is d(-1)?
157
Let o(x) = -3*x**3 - x**2 - 7*x + 10. Calculate o(2).
-32
Let v(y) = -2*y**3 - 20*y**2 + 207*y + 848. Calculate v(-15).
-7
Let w(v) = 16*v**2 + 60*v + 22. What is w(-5)?
122
Let v(u) = -11*u**2 + 438*u + 1317. What is v(-3)?
-96
Let l(o) = 152*o + 1105. Calculate l(-7).
41
Let r(o) = -16*o**2 - 103*o - 1. Calculate r(-6).
41
Let t(x) = 211*x + 27980. Give t(-132).
128
Let v(a) = 4*a + 58. Give v(10).
98
Let i(c) = -5*c**3 + c**2 + 34*c - 62. Give i(2).
-30
Let j(s) = -s**3 - 32*s**2 - 184*s - 39. What is j(-7)?
24
Let b(j) = -50*j**3 + 11*j + 26. Calculate b(-2).
404
Let p(l) = l**2 + 33*l - 1300. Determine p(34).
978
Let s(f) = -9*f - 510. Calculate s(-54).
-24
Let y(a) = 9*a**3 + 52*a**2 + 23*a - 36. What is y(-5)?
24
Let l(y) = 12*y**2 + 45*y - 413. Give l(-8).
-5
Let o(d) = d**3 + 4*d**2 - 108*d - 4. Determine o(-12).
140
Let h(s) = s**2 + 13*s + 97. Give h(-6).
55
Let v(t) = -t**2 + 481*t - 12267. What is v(27)?
-9
Let q(b) = 6*b**3 + 2*b**2 + 3*b - 6. Determine q(-2).
-52
Let c(k) = -k**2 + 265*k + 5716. What is c(-20)?
16
Let b(u) = -25*u - 2083. Calculate b(-85).
42
Let d(b) = -b**3 - 23*b**2 - 75*b + 30. Give d(-19).
11
Let d(f) = -f**2 + 53*f - 680. What is d(34)?
-34
Let b(f) = 431*f - 3031. Calculate b(7).
-14
Let f(q) = q**3 - 102*q**2 - 216*q + 851. Determine f(104).
19
Let q(d) = 130*d - 406. Determine q(4).
114
Let c(h) = 27*h - 847. Determine c(32).
17
Let f(n) = 129*n + 345. Determine f(-4).
-171
Let u(f) = -f**2 + 68*f + 833. Give u(-13).
-220
Let z(w) = w**3 - 44*w**2 - 3*w + 243. Calculate z(44).
111
Let j(d) = d**3 + 6*d**2 - 39*d - 186. Calculate j(-9).
-78
Let g(z) = -z**3 - 10*z**2 + 4*z + 30. Give g(-11).
107
Let y(f) = -f**3 + 26*f**2 - 82*f - 23. What is y(4)?
1
Let a(k) = -k**2 + 15*k - 159. Give a(12).
-123
Let s(l) = 5*l - 11. Determine s(18).
79
Let v(m) = 4*m**3 + 5*m**2 + m - 4. Calculate v(-4).
-184
Let h(j) = 10*j**2 + 32*j - 31. Determine h(-4).
1
Let w(a) = -4*a**3 + 540*a**2 - 4*a + 532. Determine w(135).
-8
Let w(r) = r**3 - 30*r**2 + 55*r + 10. Determine w(28).
-18
Let g(j) = j**2 - 3769*j + 7529. What is g(2)?
-5
Let u(p) = -p**2 + 23*p + 53. Determine u(-3).
-25
Let w(g) = -2*g**2 + 179*g - 2969. What is w(22)?
1
Let u(f) = 770*f - 4581. Give u(6).
39
Let f(x) = -118*x + 6690. What is f(57)?
-36
Let r(y) = 96*y + 388. Calculate r(-4).
4
Let l(m) = -m**3 - 145*m**2 - 1601*m - 673. Calculate l(-133).
-8
Let q(p) = p**3 + 14*p**2 - p + 29. Calculate q(-13).
211
Let a(j) = -15560*j - 46675. What is a(-3)?
5
Let g(l) = 3*l**2 - 3*l - 220. What is g(-8)?
-4
Let f(p) = -p**3 - 12*p**2 - 24*p + 21. Calculate f(-9).
-6
Let l(z) = z**3 + 17*z**2 - 43*z + 41. Determine l(-19).
136
Let r(d) = 17*d**2 - 159*d + 48. What is r(9)?
-6
Let h(q) = 6*q + 151. What is h(-14)?
67
Let f(y) = -y**3 + 21*y**2 - 88*y - 46. Determine f(6).
-34
Let a(f) = -300*f + 6717. Give a(23).
-183
Let w(m) = 784*m + 3852. Give w(-7).
-1636
Let y(k) = -1421*k + 46877. Determine y(33).
-16
Let u(q) = -q**2 + 57*q - 171. What is u(54)?
-9
Let g(x) = -x**3 - 12*x**2 + 63*x - 26. What is g(-16)?
-10
Let s(r) = -r**3 - 38*r**2 + 324*r + 405. Determine s(-45).
0
Let x(q) = -434*q + 1734. Determine x(4).
-2
Let k(h) = -h**3 - 27*h**2 + 248*h - 12. Determine k(7).
58
Let r(m) = -3*m**3 - 137*m**2 - 84*m + 276. Determine r(-45).
6
Let k(o) = -16*o**3 - 8*o**2 - 2*o - 5. Determine k(-3).
361
Let l(i) = -2*i**3 - 188*i**2 + 185*i - 487. What is l(-95)?
-12
Let q(n) = 267*n - 9871. Calculate q(37).
8
Let o(j) = j**3 + 13*j**2 + 6*j + 42. What is o(-13)?
-36
Let r(a) = -47*a**3 + 2*a**2 + 5*a - 5. Determine r(1).
-45
Let l(u) = 5*u + 18. Give l(11).
73
Let u(h) = h**2 - 20*h + 98. Give u(11).
-1
Let v(y) = y**3 + 8*y**2 - 15*y - 14. Determine v(-10).
-64
Let g(h) = -h**3 - 35*h**2 - 25. Calculate g(-35).
-25
Let m(v) = -v**3 + 6*v**2 - 12*v + 141. What is m(7)?
8
Let g(m) = -6*m**2 - 6*m - 11. Calculate g(3).
-83
Let q(g) = -14*g**2 + 207*g + 75. Give q(13).
400
Let b(o) = -4*o**3 + 42*o**2 - 65*o - 4. Determine b(2).
2
Let f(k) = -44*k - 42. What is f(-1)?
2
Let w(c) = 6*c**2 - 275*c + 554. Determine w(2).
28
Let j(m) = m**3 + 6*m + 14. Determine j(-5).
-141
Let g(n) = -n**3 + 20*n**2 + 86*n + 122. What is g(24)?
-118
Let h(b) = -b**3 - 22*b**2 - 7*b - 110. Give h(-22).
44
Let i(u) = u**3 - 76*u**2 + 74*u - 76. Calculate i(75).
-151
Let h(r) = -r**2 + 36*r + 287. Calculate h(-8).
-65
Let x(q) = 2*q**3 + 17*q**2 + q - 62. Determine x(-8).
-6
Let d(o) = -o**3 + 31*o**2 - 39*o + 55. Determine d(30).
-215
Let k(h) = -13*h + 165. Give k(8).
61
Let z(k) = -k**3 + 150*k**2 + 131*k + 3009. Determine z(151).
-11
Let j(h) = 11*h**2 - 792*h - 41. Calculate j(72).
-41
Let n(t) = -561*t + 30848. Give n(55).
-7
Let f(p) = p**2 + 28*p - 57. What is f(-13)?
-252
Let u(f) = -84*f + 419. Determine u(5).
-1
Let t(r) = -r**3 + 13*r**2 + 66*r - 81. Determine t(-5).
39
Let g(i) = -49*i - 600. Give g(-11).
-61
Let a(u) = -2*u**2 + 482*u - 2932. What is a(6)?
-112
Let j(y) = y**2 + 4192*y + 120725. Calculate j(-29).
-2
Let d(m) = m**2 - 8*m + 22. Determine d(8).
22
Let m(u) = -2*u**2 - 30*u - 5. Give m(-16).
-37
Let w(l) = -3*l**2 + 3*l + 165. Give w(-7).
-3
Let d(p) = -p**3 + 22*p**2 - 82*p - 30. Calculate d(17).
21
Let l(m) = 2*m**2 + 219*m + 321. Determine l(-108).
-3
Let h(o) = o**3 - 9*o**2 - 47*o + 234. What is h(11)?
-41
Let v(q) = q**3 + 38*q**2 + 5*q + 90. What is v(-38)?
-100
Let w(v) = -3*v**2 - 188*v + 18. Give w(-63).
-45
Let r(o) = 182*o**3 - o**2 - 198*o - 197. Calculate r(-1).
-182
Let l(m) = 8*m**2 + 165*m - 163. Give l(1).
10
Let q(k) = -68*k - 868. What is q(-11)?
-120
Let n(o) = -o**3 + 8*o**2 + 85*o - 631. What is n(8)?
49
Let c(w) = w**3 - 4*w**2 - 16*w - 21. Determine c(-3).
-36
Let g(k) = 664*k + 9253. Give g(-14).
-43
Let r(y) = -13*y - 59. Determine r(2).
-85
Let o(d) = -70*d**2 - 102*d - 6. Give o(-1).
26
Let a(y) = 3*y**3 - 14*y**2 + y + 7. What is a(5)?
37
Let x(l) = l**2 - 2255*l - 3. 